{"version":"1.0","provider_name":"Gerontim","provider_url":"https:\/\/www.gerontim.com\/fr\/","author_name":"christel","author_url":"https:\/\/www.gerontim.com\/fr\/author\/christel\/","title":"Extension d\u2019un EHPAD de 103 places \u00e0 Cou\u00ebron (44) \u2013 Gerontim","type":"rich","width":600,"height":338,"html":"<blockquote class=\"wp-embedded-content\" data-secret=\"sOEFu6Lje6\"><a href=\"https:\/\/www.gerontim.com\/fr\/realisations\/extension-ehpad-103-places\/\">Extension EHPAD La Grange \u00e0 Cou\u00ebron (44) \u2013 103 places<\/a><\/blockquote><iframe sandbox=\"allow-scripts\" security=\"restricted\" src=\"https:\/\/www.gerontim.com\/fr\/realisations\/extension-ehpad-103-places\/embed\/#?secret=sOEFu6Lje6\" width=\"600\" height=\"338\" title=\"\u00ab\u00a0Extension EHPAD La Grange \u00e0 Cou\u00ebron (44) \u2013 103 places\u00a0\u00bb &#8212; Gerontim\" data-secret=\"sOEFu6Lje6\" frameborder=\"0\" marginwidth=\"0\" marginheight=\"0\" scrolling=\"no\" class=\"wp-embedded-content\"><\/iframe><script>\n\/*! This file is auto-generated *\/\n!function(d,l){\"use strict\";l.querySelector&&d.addEventListener&&\"undefined\"!=typeof URL&&(d.wp=d.wp||{},d.wp.receiveEmbedMessage||(d.wp.receiveEmbedMessage=function(e){var t=e.data;if((t||t.secret||t.message||t.value)&&!\/[^a-zA-Z0-9]\/.test(t.secret)){for(var s,r,n,a=l.querySelectorAll('iframe[data-secret=\"'+t.secret+'\"]'),o=l.querySelectorAll('blockquote[data-secret=\"'+t.secret+'\"]'),c=new RegExp(\"^https?:$\",\"i\"),i=0;i<o.length;i++)o[i].style.display=\"none\";for(i=0;i<a.length;i++)s=a[i],e.source===s.contentWindow&&(s.removeAttribute(\"style\"),\"height\"===t.message?(1e3<(r=parseInt(t.value,10))?r=1e3:~~r<200&&(r=200),s.height=r):\"link\"===t.message&&(r=new URL(s.getAttribute(\"src\")),n=new URL(t.value),c.test(n.protocol))&&n.host===r.host&&l.activeElement===s&&(d.top.location.href=t.value))}},d.addEventListener(\"message\",d.wp.receiveEmbedMessage,!1),l.addEventListener(\"DOMContentLoaded\",function(){for(var e,t,s=l.querySelectorAll(\"iframe.wp-embedded-content\"),r=0;r<s.length;r++)(t=(e=s[r]).getAttribute(\"data-secret\"))||(t=Math.random().toString(36).substring(2,12),e.src+=\"#?secret=\"+t,e.setAttribute(\"data-secret\",t)),e.contentWindow.postMessage({message:\"ready\",secret:t},\"*\")},!1)))}(window,document);\n\/\/# sourceURL=https:\/\/www.gerontim.com\/wp-includes\/js\/wp-embed.min.js\n<\/script>\n","thumbnail_url":"https:\/\/www.gerontim.com\/wp-content\/uploads\/2019\/04\/ehpad-grange-vue-exterieur-extension.jpg","thumbnail_width":1280,"thumbnail_height":853,"description":"D\u00e9couvrez le projet d\u2019extension d\u2019un EHPAD priv\u00e9 de 103 places \u00e0 Cou\u00ebron (44). L\u2019\u00e9tude de faisabilit\u00e9 men\u00e9e par Gerontim pr\u00e9voyait la construction d\u2019une Unit\u00e9 Alzheimer de 15 places, comprenant 13 chambres individuelles et 2 places en accueil de jour."}

Extension d’un EHPAD de 103 places à Couëron (44) – Gerontim

<blockquote class="wp-embedded-content" data-secret="sOEFu6Lje6"><a href="https://www.gerontim.com/fr/realisations/extension-ehpad-103-places/">Extension EHPAD La Grange à Couëron (44) – 103 places</a></blockquote><iframe sandbox="allow-scripts" security="restricted" src="https://www.gerontim.com/fr/realisations/extension-ehpad-103-places/embed/#?secret=sOEFu6Lje6" width="600" height="338" title="« Extension EHPAD La Grange à Couëron (44) – 103 places » &#8212; Gerontim" data-secret="sOEFu6Lje6" frameborder="0" marginwidth="0" marginheight="0" scrolling="no" class="wp-embedded-content"></iframe><script>
/*! This file is auto-generated */
!function(d,l){"use strict";l.querySelector&&d.addEventListener&&"undefined"!=typeof URL&&(d.wp=d.wp||{},d.wp.receiveEmbedMessage||(d.wp.receiveEmbedMessage=function(e){var t=e.data;if((t||t.secret||t.message||t.value)&&!/[^a-zA-Z0-9]/.test(t.secret)){for(var s,r,n,a=l.querySelectorAll('iframe[data-secret="'+t.secret+'"]'),o=l.querySelectorAll('blockquote[data-secret="'+t.secret+'"]'),c=new RegExp("^https?:$","i"),i=0;i<o.length;i++)o[i].style.display="none";for(i=0;i<a.length;i++)s=a[i],e.source===s.contentWindow&&(s.removeAttribute("style"),"height"===t.message?(1e3<(r=parseInt(t.value,10))?r=1e3:~~r<200&&(r=200),s.height=r):"link"===t.message&&(r=new URL(s.getAttribute("src")),n=new URL(t.value),c.test(n.protocol))&&n.host===r.host&&l.activeElement===s&&(d.top.location.href=t.value))}},d.addEventListener("message",d.wp.receiveEmbedMessage,!1),l.addEventListener("DOMContentLoaded",function(){for(var e,t,s=l.querySelectorAll("iframe.wp-embedded-content"),r=0;r<s.length;r++)(t=(e=s[r]).getAttribute("data-secret"))||(t=Math.random().toString(36).substring(2,12),e.src+="#?secret="+t,e.setAttribute("data-secret",t)),e.contentWindow.postMessage({message:"ready",secret:t},"*")},!1)))}(window,document);
//# sourceURL=https://www.gerontim.com/wp-includes/js/wp-embed.min.js
</script>

Découvrez le projet d’extension d’un EHPAD privé de 103 places à Couëron (44). L’étude de faisabilité menée par Gerontim prévoyait la construction d’une Unité Alzheimer de 15 places, comprenant 13 chambres individuelles et 2 places en accueil de jour.
